o base 2.
1110001110101110
10033243 (base 5) to base 4
103221000
Convert -2992007 (base 10) to base 14.
-57c54b
-2201112302 (base 4) to base 10
-660914
21183 (base 12) to base 11
2a704
7833145 (base 9) to base 11
2419438
32716 (base 10) to base 9
48781
Convert 3b4599 (base 14) to base 9.
3761460
What is -21213330031 (base 4) in base 7?
-30305242
What is 1796 (base 14) in base 2?
1000010011000
What is 101111100111011011000000 (base 2) in base 7?
211045241
Convert -10110000110011011101011 (base 2) to base 11.
-32a7832
5425660 (base 8) to base 7
15231040
334102510 (base 6) to base 10
6073674
Convert -5a6869 (base 15) to base 2.
-10000011111111110011010
-2529705 (base 10) to base 15
-34e820
Convert 20241321114 (base 5) to base 13.
4380a8c
What is 202424 (base 5) in base 16?
19d6
Convert -411403 (base 6) to base 10.
-32763
What is 2581130 (base 9) in base 6?
50130300
-1364734 (base 9) to base 3
-1102011211011
Convert 90073 (base 11) to base 16.
20309
Convert -213140540 (base 6) to base 4.
-32131312230
Convert -231110230 (base 6) to base 7.
-51110556
What is -1001112202212 (base 3) in base 7?
-4530113
Convert -2434252 (base 6) to base 2.
-11111100011111000
What is -22020222 (base 3) in base 16?
-1784
Convert -458174 (base 9) to base 12.
-113171
Convert -40156 (base 11) to base 10.
-58746
Convert 705550 (base 10) to base 9.
1284744
Convert -1010111000010000100 (base 2) to base 15.
-70959
What is 16888484 (base 9) in base 3?
120222222112211
Convert 1914366 (base 12) to base 11.
2a69148
Convert c32e (base 16) to base 6.
1023154
135d60 (base 15) to base 7
10625460
What is -11107453 (base 8) in base 4?
-21020330223
392396 (base 16) to base 5
1424312122
-80b98 (base 16) to base 8
-2005630
Convert -992531 (base 10) to base 11.
-618781
Convert 111010101011101011100 (base 2) to base 11.
10a3789
7a3e0 (base 16) to base 5
112010304
Convert -255aaa7 (base 14) to base 12.
-602724b
Convert 101212111 (base 6) to base 13.
490819
What is 100011000101011100010 (base 2) in base 6?
40350310
Convert -147c34 (base 14) to base 8.
-2560606
Convert -7261dc (base 14) to base 15.
-5133a4
Convert 1221677 (base 13) to base 7.
65565326
Convert 101011000010010101 (base 2) to base 13.
6230a
8264a0 (base 14) to base 12
1580550
What is -1113434130 (base 5) in base 3?
-11200011221121
-120564 (base 9) to base 8
-215672
Convert 9007 (base 16) to base 6.
442411
What is 165086 (base 11) in base 6?
5251314
323133010 (base 4) to base 10
243652
Convert 145544315 (base 6) to base 5.
1241441222
What is -be19a (base 15) in base 6?
-20542331
What is -765212 (base 9) in base 13?
-12ca46
-1101010001111011 (base 2) to base 11
-37960
5601256 (base 7) to base 8
2502641
What is 60626062 (base 7) in base 5?
2243032004
Convert 191280 (base 12) to base 7.
3501465
275057 (base 9) to base 11
105015
Convert -c47c5 (base 13) to base 7.
-2666521
What is 2bd3a8 (base 14) in base 10?
1534632
What is 29b7d (base 14) in base 15?
20b4a
-204bb (base 15) to base 10
-102326
Convert -101010010101011100110 (base 2) to base 14.
-2817a6
Convert -4b8136 (base 12) to base 10.
-1237434
Convert -1424e0 (base 15) to base 5.
-222012420
-201142001 (base 5) to base 8
-3037677
-1233445 (base 8) to base 2
-1010011011100100101
4643512 (base 8) to base 5
310412214
What is 1031331 (base 6) in base 2?
1100011011000111
What is -555965 (base 10) in base 7?
-4503614
What is 1598568 (base 11) in base 7?
32055526
What is -201110011220222 (base 3) in base 10?
-10337165
22202211101110 (base 3) to base 6
243525020
262828 (base 9) to base 5
20101341
213132101 (base 4) to base 8
473621
-3323200200 (base 4) to base 12
-418200
What is 54051524 (base 6) in base 7?
16353613
What is 11011100101011111011 (base 2) in base 6?
31212511
What is 46341421 (base 7) in base 16?
3df5e5
Convert -44162223 (base 8) to base 2.
-100100001110010010010011
Convert -1000244112 (base 5) to base 2.
-111011111000110100111
What is 38d0bb (base 14) in base 15?
289b27
What is -12352151 (base 6) in base 13?
-1118b9
What is -10210021210 (base 3) in base 13?
-27c30
32401103 (base 6) to base 2
11101011011101111111
Convert -22232 (base 6) to base 4.
-300230
What is 3852a5 (base 14) in base 2?
111011000011011010001
Convert -221300013 (base 4) to base 6.
-3355423
Convert 638135 (base 9) to base 5.
44124142
-2c3a0 (base 14) to base 16
-1af98
Convert 1071 (base 10) to base 3.
1110200
-1400011 (base 8) to base 6
-12232253
Convert -48876 (base 15) to base 3.
-102202102210
Convert 1435002 (base 6) to base 13.
2b86b
Convert 29688 (base 13) to base 9.
128020
Convert 330142425 (base 6) to base 14.
ad5441
What is 1011001001110110101 (base 2) in base 14?
972a9
Convert -a295 (base 11) to base 10.
-13656
Convert -45ab35 (base 14) to base 16.
-24359b
127319 (base 11) to base 12
97915
What is 13ac99 (base 15) in base 6?
32152100
-41a4e6 (base 16) to base 6
-232112530
What is b0683 (base 13) in base 5?
40042132
-1323332423 (base 5) to base 4
-30233113122
What is -7a0a8 (base 12) in base 5?
-20200220
-14971 (base 11) to base 9
-31880
What is -112231401 (base 6) in base 8?
-7720131
Convert 203237 (base 8) to base 10.
67231
Convert 70703 (base 14) to base 15.
55142
Convert 290640 (base 12) to base 11.
42888a
What is 1a378 (base 13) in base 4?
30133001
What is -85595 (base 12) in base 9?
-286485
Convert 5661315 (base 8) to base 9.
2785322
124638 (base 10) to base 15
26de3
Convert 212030302 (base 5) to base 9.
1610342
What is -854430 (base 11) in base 9?
-2513713
Convert -81172 (base 14) to base 11.
-1a2203
-12774 (base 12) to base 2
-110001011001000
Convert 100001110010011010111 (base 2) to base 8.
4162327
What is -43d192 (base 15) in base 2?
-1100010101011101001100
-1100011010101100000 (base 2) to base 14
-a83cc
68774 (base 11) to base 8
302136
Convert -818189 (base 10) to base 15.
-11265e
Convert 3117015 (base 8) to base 15.
115013
Convert 111000110101111111 (base 2) to base 11.
149a25
-2013022200 (base 4) to base 16
-872a0
Convert -6450341 (base 8) to base 2.
-110100101000011100001
-352477 (base 8) to base 7
-1010140
What is 1a2a942 (base 11) in base 12?
1192632
Convert 1744777 (base 11) to base 10.
2963737
What is -297798 (base 14) in base 10?
-1442106
Convert 402220312 (base 5) to base 2.
110000110111100110100
-2101212 (base 3) to base 7
-5051
Convert -11454182 (base 9) to base 16.
-553e32
Convert 17684 (base 16) to base 12.
47598
What is 156632 (base 11) in base 9?
410303
What is -20110012111 (base 3) in base 7?
-1036150
What is -61405664 (base 7) in base 11?
-2992981
cd122 (base 14) to base 9
836540
Convert 140124144 (base 5) to base 12.
2a1901
-3161 (base 10) to base 16
-c59
3a15356 (base 12) to base 6
1045550150
What is -104905 (base 10) in base 11?
-718a9
-743691 (base 10) to base 7
-6215124
What is -32300033000 (base 4) in base 16?
-3b03c0
Convert 22057014 (base 8) to base 10.
4742668
-7740810 (base 9) to base 4
-33313231023
What is 1126447 (base 10) in base 4?
10103000233
Convert -2c7508 (base 13) to base 8.
-4147356
Convert 32602577 (base 8) to base 13.
15b756c
c0cc25 (base 13) to base 8
21065543
Convert 455a61 (base 11) to base 16.
b115d
Convert 2100320 (base 7) to base 3.
110211001012
What is 7576a (base 11) in base 6?
2205321
What is 1100011000010011011 (base 2) in base 7?
3306452
4552532 (base 6) to base 3
102211002102
What is -24276364 (base 9) in base 4?
-231033212302
What is -566b (base 16) in base 5?
-1201443
Convert 41302213 (base 5) to base 7.
2604602
24424030 (base 6) to base 7
6432120
What is -2a562 (base 15) in base 3?
-20220212002
-120100210 (base 4) to base 15
-1e694
-54125 (base 9) to base 8
-105761
What is -111110010100001101101 (base 2) in base 7?
-23233152
What is 879036 (base 10) in base 13?
24a152
What is -3244042131 (base 5) in base 10?
-7018416
2c578 (base 13) to base 12
40a3a
Convert 109b1b (base 13) to base 16.
5fef5
-36cc58 (base 14) to base 16
-1cad1e
-213033123 (base 5) to base 15
-12e2e3
-107a6a2 (base 11) to base 13
-51159b
What is 27160450 (base 8) in base 6?
334244200
Convert -9c07 (base 15) to base 5.
-2024312
What is -773aa5 (base 12) in base 7?
-22045031
-772a9 (base 11) to base 5
-12042130
What is 123c4 (base 15) in base 5?
3330414
What is 11110001101011011110 (base 2) in base 7?
11262026
What is -516b (base 12) in base 16?
-22a3
What is 4d6a9 (